?
-6
Let n(g) = -g**2 + 227513*g + 7509022. Give n(-33).
4
Let h(x) = x**3 + 170*x**2 + 1301*x + 784. Give h(-162).
-26
Let m(u) = 61*u - 1344. What is m(40)?
1096
Let j(t) = -66*t**2 - 1087*t - 7676. Determine j(-7).
-3301
Let x(p) = -p**2 - 287*p + 4524. Determine x(15).
-6
Let x(k) = -136*k**2 - 644*k + 131. Determine x(-7).
-2025
Let n(f) = -3*f**2 - 708*f - 40316. What is n(-96)?
4
Let l(r) = r**3 - 178*r**2 - 169*r - 1817. Determine l(179).
-27
Let n(h) = -143*h**2 + 2232*h + 907. Determine n(16).
11
Let n(t) = t**3 + 2*t**2 - 7*t - 60. What is n(-3)?
-48
Let f(s) = -9*s**3 - 20*s**2 + 196*s - 64. What is f(0)?
-64
Let p(q) = 28*q**3 - 1418*q**2 + 1264*q - 18201. Calculate p(50).
-1
Let w(u) = 729*u - 12787. Calculate w(19).
1064
Let d(x) = 2*x**2 - 95*x + 717. Calculate d(38).
-5
Let d(r) = 140*r**2 - 60*r - 9. Determine d(-3).
1431
Let l(a) = -a**2 - 516894*a + 11372141. Give l(22).
-11
Let a(o) = 26*o**2 + 885*o + 7439. Give a(-15).
14
Let p(l) = 2381*l - 180810. Calculate p(76).
146
Let d(i) = -2*i**2 - 116*i + 296. Determine d(-42).
1640
Let h(c) = 1815*c + 698762. Give h(-385).
-13
Let m(d) = -d**2 + 74*d + 475. Determine m(-6).
-5
Let a(g) = -5*g**2 - 533*g - 2198. What is a(-4)?
-146
Let n(i) = 47*i**2 + 9196*i - 40795. Give n(-200).
5
Let q(l) = -22*l**2 - 138*l + 543. Give q(3).
-69
Let s(k) = -210*k**3 + 2*k**2 - 25*k + 17. Give s(2).
-1705
Let t(i) = 854*i - 50202. Calculate t(57).
-1524
Let l(i) = 2072*i - 133533. What is l(65)?
1147
Let v(a) = -a**3 - 131*a**2 - 1099*a + 328. Give v(-122).
450
Let o(l) = -2760*l + 22086. What is o(8)?
6
Let d(k) = 5*k**3 + 92*k**2 + 6*k - 104. Calculate d(-16).
2872
Let g(x) = -x**3 + 25*x**2 - 1671*x + 27811. Give g(18).
1
Let x(u) = 2*u**3 + 1355*u**2 - 146773*u - 198. Give x(95).
-8
Let m(v) = 48553*v + 582616. What is m(-12)?
-20
Let y(o) = 22788*o + 205148. Give y(-9).
56
Let u(c) = 7*c**3 + 11*c**2 - 607*c - 4290. What is u(-7)?
-1903
Let l(h) = 61*h + 3263. Calculate l(-46).
457
Let h(q) = q**3 - 153*q**2 - 1458*q - 173. Give h(162).
-173
Let o(w) = w**2 - 1771*w + 472188. Determine o(327).
0
Let a(o) = -o + 456. Calculate a(216).
240
Let d(f) = -945*f + 7679. Calculate d(8).
119
Let i(w) = -16*w**3 - 9*w**2 + 81*w - 339. Give i(4).
-1183
Let v(n) = -697474*n + 5579781. Determine v(8).
-11
Let w(s) = -s**2 - 10*s - 73. Calculate w(-4).
-49
Let n(c) = c**3 - 21*c**2 - 159955*c + 3677905. What is n(23)?
-2
Let y(c) = 5*c**2 - 44*c + 136. Calculate y(17).
833
Let k(b) = -b**2 + 21364*b - 1150736. Calculate k(54).
4
Let d(f) = -2*f**3 - 23*f**2 - 16*f - 432. Give d(-12).
-96
Let g(p) = 5*p**3 + 46*p**2 + 21*p + 6. Determine g(-8).
222
Let l(n) = 30*n**2 + 4459*n - 10737. Calculate l(-151).
-16
Let z(j) = -j**3 + 99*j**2 - 18*j + 1765. Give z(99).
-17
Let b(f) = -12*f**2 - 1388*f - 13777. Determine b(-10).
-1097
Let b(t) = -t**3 + 122*t**2 - 20*t + 2297. Calculate b(122).
-143
Let z(k) = -7*k**3 - 346*k**2 + 255*k + 2756. Determine z(-50).
6
Let d(a) = -83*a**3 - 5890*a**2 + 218*a + 105. What is d(-71)?
-250
Let d(v) = 19*v**3 - 475*v**2 - 57*v + 1456. What is d(25)?
31
Let g(s) = 1865*s - 102479. What is g(55)?
96
Let l(j) = 1863*j + 160191. Give l(-86).
-27
Let r(x) = 2122163*x + 2122139. Calculate r(-1).
-24
Let b(g) = 2*g**3 + 18*g**2 - 198*g - 1793. What is b(-10)?
-13
Let o(s) = -3*s**3 - 598*s**2 - 9475*s - 2002. Give o(-182).
0
Let c(p) = -93694*p**2 - 1780170*p + 299. Calculate c(-19).
-5
Let c(f) = 2*f**2 - 204*f + 3705. Give c(64).
-1159
Let c(i) = -3*i**2 + 257*i - 3349. What is c(68)?
255
Let n(l) = 3*l**2 + 2939*l + 183475. Calculate n(-67).
29
Let o(u) = -140*u - 14573. What is o(-102)?
-293
Let x(h) = 7*h**3 + 3371*h**2 - 1429*h + 8208. Calculate x(-482).
14
Let p(f) = 5*f**3 + 496*f**2 + 97*f - 72. What is p(-99)?
126
Let w(n) = 2697*n - 204973. Determine w(76).
-1
Let q(n) = 416*n**3 + 76959*n**2 - 178*n + 1291. Determine q(-185).
-4
Let p(w) = 106*w**2 + 5*w - 143. Give p(0).
-143
Let l(z) = 51*z**2 + 786*z + 2892. What is l(-6)?
12
Let r(n) = -2*n**2 - 1775*n + 34193. Calculate r(19).
-254
Let x(i) = 4*i**3 + 4029*i**2 + 173210*i + 230. Give x(-45).
5
Let i(j) = -319*j - 234. Calculate i(-3).
723
Let p(m) = -50*m**2 + 510*m - 109. Calculate p(8).
771
Let u(q) = 336*q**2 - 2695*q + 39. Determine u(8).
-17
Let h(c) = 89*c - 17831. Calculate h(201).
58
Let p(d) = d**3 + 1066*d**2 + 3568*d + 1532173. Calculate p(-1064).
13
Let y(i) = 22997*i - 9911695. What is y(431)?
12
Let g(s) = -15392*s - 30747. What is g(-2)?
37
Let v(o) = 5*o**2 + 23800*o + 732989. What is v(-31)?
-6
Let j(d) = 333*d - 16715. Calculate j(52).
601
Let f(o) = 2*o**2 + 387*o - 6227614. What is f(-1864)?
10
Let f(w) = 3*w**3 + 79*w**2 + 36*w - 806. Determine f(-25).
794
Let y(c) = -5565*c - 5987. Give y(-1).
-422
Let p(n) = -344*n**2 - 341*n + 227. Calculate p(-5).
-6668
Let w(y) = y**3 - 34*y**2 - 556*y + 357. Determine w(46).
173
Let i(g) = -3098*g + 1536611. What is i(496)?
3
Let q(z) = 58*z**2 - 1804*z + 1948. Determine q(30).
28
Let v(g) = -g**2 + 266*g + 8865. What is v(-30)?
-15
Let q(y) = -253*y**2 + 1107*y + 798. Calculate q(5).
8
Let s(f) = -3815*f - 2846017. What is s(-746)?
-27
Let x(q) = 218*q**2 + 2616*q. What is x(-12)?
0
Let r(v) = -1141*v - 1932. Calculate r(-2).
350
Let s(a) = -a**3 + 4*a**2 - 1986*a - 9978. What is s(-5)?
177
Let x(u) = -17*u**2 - 202*u - 312. Calculate x(-2).
24
Let b(y) = -y**3 - 4*y**2 + 87*y - 30. What is b(-12)?
78
Let r(p) = 30*p**3 - 90*p**2 + 15*p + 7. Give r(2).
-83
Let v(b) = 38*b + 3032. What is v(-103)?
-882
Let p(c) = c**3 + 15*c**2 + 14*c. Determine p(-9).
360
Let a(y) = -2*y**3 + 12*y**2 + 87*y - 229. Determine a(10).
-159
Let f(j) = 136*j**2 + 10550*j - 4537. What is f(-78)?
-13
Let d(p) = 2*p**2 + 567*p - 3373. Determine d(6).
101
Let b(k) = 214*k - 37774. Give b(153).
-5032
Let a(n) = -16*n**2 - 189*n + 45. What is a(-15)?
-720
Let a(z) = -2796*z + 8894. Determine a(3).
506
Let r(k) = -126*k + 18184. Calculate r(146).
-212
Let o(y) = y**3 - 3597*y**2 - 21704*y - 506. Determine o(-6).
10
Let g(p) = p**3 + 30*p**2 + 230*p + 8328. What is g(-31)?
237
Let z(u) = 1237*u + 49901. Determine z(-39).
1658
Let c(y) = 112*y + 4747. Give c(-42).
43
Let u(i) = -201*i**3 - 12434*i**2 + 1736*i - 86. Determine u(-62).
-86
Let y(q) = -q**2 + 1254*q + 913312. What is y(-516)?
-8
Let l(v) = 5*v**3 - 7*v**2 + 20*v - 261. Give l(6).
687
Let s(r) = 3*r**3 - 39*r**2 - 482*r + 6230. Give s(13).
-36
Let o(d) = -5880*d - 1275956. What is o(-217)?
4
Let q(m) = -15*m**2 + 516*m + 532. What is q(-1)?
1
Let d(p) = 551*p**2 + 40*p + 21. Give d(-1).
532
Let j(u) = -u**3 - 3*u**2 + 8724*u + 52265. What is j(-6)?
29
Let g(j) = -10*j**2 + 13186*j + 39615. What is g(-3)?
-33
Let i(z) = -z**3 + 377*z**2 + 758*z + 21. Determine i(379).
21
Let z(v) = -7336*v - 696914. Calculate z(-95).
6
Let y(h) = 6*h**2 + 550*h + 11091. Calculate y(-62).
55
Let a(h) = 373*h**2 - 504*h + 1008. What is a(2)?
1492
Let v(i) = 719*i - 48115. Calculate v(67).
58
Let l(x) = x**2 - 1217*x + 369433. Determine l(580).
-27
Let g(n) = n**3 - 171*n**2 + 3051*n + 14839. Calculate g(150).
-11
Let l(s) = -72033*s**2 + 2521154*s + 19. Determine l(35).
-16
Let p(j) = -33*j**2 + 73*j + 205. What is p(5)?
-255
Let z(t) = 3*t**2 + 113136*t - 1471276. Calculate z(13).
-1
Let m(x) = x**2 - 608272*x - 2433095. What is m(-4)?
9
Let b(f) = -f**2 + 2107052*f - 10535245. Determine b(5).
-10
Let u(i) = -i**2 - 1853*i - 23680. Determine u(-13).
240
Let l(a) = a**3 + 26*a**2 - 6*a - 110. What is l(-24)?
1186
Let r(q) = -189*q**2 + 10*q + 9. Calculate r(1).
-170
Let p(m) = -1687*m**2 + 15239*m + 41. What is p(9)?
545
Let n(h) = -27*h**3 + h**2 + 63*h - 63. Give n(1).
-26
Let g(y) = -109*y - 10085. What is g(-91)?
-166
Let y(v) = -v**2 + 72*v + 186. What is y(86)?
-1018
Let s(i) = i**3 - 66*i**2 + 330*i + 27. Determine s(6).
-153
Let k(n) = 276140*n + 1932996. Determine k(-7).
16
Let u(c) = -7109*c - 34908. Determine u(-5).
637
Let i(r) = 87*r**2 + 2743*r + 1367. What is i(-31)?
-59
Let h(k) = -2563*k - 420326. Calculate h(-164).
6
Let m(c) = 3*c**3 - 243*c**2 - 1017*c - 136. Calculate m(85).
119
Let o(q) = q**3 + 48*q**2 + 214*q + 5691. What is o(-46)?
79
Let v(u) = -1707*u - 1374022. What is v(-805)?
113
Let k(q) = 7720*q + 10576